{"id":108843,"date":"2022-09-09T15:10:21","date_gmt":"2022-09-09T15:10:21","guid":{"rendered":"https:\/\/ym-inc.com\/fr\/?post_type=job_listing&#038;p=108843"},"modified":"2022-10-09T00:09:50","modified_gmt":"2022-10-09T00:09:50","slug":"chef-dequipe-de-vent-galeries-terrebonne-amnesia","status":"expired","type":"job_listing","link":"https:\/\/ym-inc.com\/fr\/?post_type=job_listing&p=108843","title":{"rendered":"Chef d\u2019\u00e9quipe de vent &#8211; Galeries Terrebonne (Amnesia)"},"content":{"rendered":"<p>Si vous avez une passion pour la mode \u00e9ph\u00e9m\u00e8re, <strong>Amnesia <\/strong>est la destination de choix pour votre carri\u00e8re. Nous cherchons actuellement un <strong>Chef d\u2019\u00e9quipe de vent \u00e0 plein-temps <\/strong>qui se joindra \u00e0 notre formidable \u00e9quipe \u00e0 la boutique de <strong>Galeries Terrebonne. <\/strong><\/p>\n<p><strong>Vous reconnaissez-vous? :<\/strong><\/p>\n<ul>\n<li>Un minimum d\u2019une ann\u00e9e d\u2019exp\u00e9rience dans un \u00e9quipe de gestion<\/li>\n<li>Un esprit ax\u00e9 sur l\u2019activit\u00e9 commerciale avec une capacit\u00e9 \u00e9prouv\u00e9e d\u2019augmenter les ventes<\/li>\n<li>Une passion pour offrir un service \u00e0 la client\u00e8le de qualit\u00e9<\/li>\n<li>Un joueur d\u2019\u00e9quipe qui peut amener les gens \u00e0 se perfectionner et \u00e0 se d\u00e9velopper<\/li>\n<\/ul>\n<p>&nbsp;<\/p>\n<p><strong>Nous offrons\u00a0:<\/strong><\/p>\n<ul>\n<li>Une r\u00e9mun\u00e9ration concurrentielle incluant des primes et avantages sociaux<\/li>\n<li>Une occasion de d\u00e9veloppement, de croissance et de progression de la carri\u00e8re<\/li>\n<li>Un fantastique escompte pour les employ\u00e9s<\/li>\n<\/ul>\n<p>&nbsp;<\/p>\n<p>YM Inc. (sales) est un employeur offrant des chances d\u2019embauche \u00e9gales pour tous et encourage les candidats qualifi\u00e9s \u00e0 postuler. Nous remercions tous les candidats de leur int\u00e9r\u00eat; cependant, seuls les candidats s\u00e9lectionn\u00e9s pour une entrevue seront contact\u00e9s.<\/p>\n","protected":false},"author":20,"featured_media":0,"template":"","meta":{"_acf_changed":false,"_promoted":"","_job_location":"Terrebonne, QC","_application":"tmanoukian@yminc.ca","_company_name":"","_company_website":"","_company_tagline":"","_company_twitter":"","_company_video":"","_filled":0,"_featured":0,"_remote_position":0,"_job_salary":"","_job_salary_currency":"","_job_salary_unit":""},"job-categories":[35],"job-types":[33],"class_list":{"0":"post-108843","1":"job_listing","2":"type-job_listing","3":"status-expired","4":"hentry","6":"job-type-in-store"},"acf":[],"yoast_head":"<!-- This site is optimized with the Yoast SEO plugin v27.5 - https:\/\/yoast.com\/product\/yoast-seo-wordpress\/ -->\n<title>Chef d\u2019\u00e9quipe de vent - Galeries Terrebonne (Amnesia)<\/title>\n<meta name=\"robots\" content=\"index, follow, max-snippet:-1, max-image-preview:large, max-video-preview:-1\" \/>\n<link rel=\"canonical\" href=\"https:\/\/ym-inc.com\/fr\/?post_type=job_listing&p=108843\" \/>\n<meta property=\"og:locale\" content=\"fr_FR\" \/>\n<meta property=\"og:locale:alternate\" content=\"en_CA\" \/>\n<meta property=\"og:type\" content=\"article\" \/>\n<meta property=\"og:title\" content=\"Chef d\u2019\u00e9quipe de vent - Galeries Terrebonne (Amnesia)\" \/>\n<meta property=\"og:description\" content=\"Si vous avez une passion pour la mode \u00e9ph\u00e9m\u00e8re, Amnesia est la destination de choix pour votre carri\u00e8re. Nous cherchons actuellement un Chef d\u2019\u00e9quipe de vent \u00e0 plein-temps qui se joindra \u00e0 notre formidable \u00e9quipe \u00e0 la boutique de Galeries Terrebonne. Vous reconnaissez-vous? : Un minimum d\u2019une ann\u00e9e d\u2019exp\u00e9rience dans un \u00e9quipe de gestion Un [&hellip;]\" \/>\n<meta property=\"og:url\" content=\"https:\/\/ym-inc.com\/fr\/?post_type=job_listing&amp;p=108843\" \/>\n<meta property=\"og:site_name\" content=\"YM Inc.\" \/>\n<meta property=\"article:modified_time\" content=\"2022-10-09T00:09:50+00:00\" \/>\n<meta name=\"twitter:card\" content=\"summary_large_image\" \/>\n<meta name=\"twitter:label1\" content=\"Dur\u00e9e de lecture estim\u00e9e\" \/>\n\t<meta name=\"twitter:data1\" content=\"1 minute\" \/>\n<script type=\"application\/ld+json\" class=\"yoast-schema-graph\">{\"@context\":\"https:\\\/\\\/schema.org\",\"@graph\":[{\"@type\":\"WebPage\",\"@id\":\"https:\\\/\\\/ym-inc.com\\\/?post_type=job_listing&p=108843\",\"url\":\"https:\\\/\\\/ym-inc.com\\\/?post_type=job_listing&p=108843\",\"name\":\"Chef d\u2019\u00e9quipe de vent - Galeries Terrebonne (Amnesia)\",\"isPartOf\":{\"@id\":\"https:\\\/\\\/ym-inc.com\\\/#website\"},\"datePublished\":\"2022-09-09T15:10:21+00:00\",\"dateModified\":\"2022-10-09T00:09:50+00:00\",\"breadcrumb\":{\"@id\":\"https:\\\/\\\/ym-inc.com\\\/?post_type=job_listing&p=108843#breadcrumb\"},\"inLanguage\":\"fr-FR\",\"potentialAction\":[{\"@type\":\"ReadAction\",\"target\":[\"https:\\\/\\\/ym-inc.com\\\/?post_type=job_listing&p=108843\"]}]},{\"@type\":\"BreadcrumbList\",\"@id\":\"https:\\\/\\\/ym-inc.com\\\/?post_type=job_listing&p=108843#breadcrumb\",\"itemListElement\":[{\"@type\":\"ListItem\",\"position\":1,\"name\":\"Home\",\"item\":\"https:\\\/\\\/ym-inc.com\\\/fr\\\/\"},{\"@type\":\"ListItem\",\"position\":2,\"name\":\"Retail Teal Leader &#8211; Galeries Terrebonne (Amnesia)\"}]},{\"@type\":\"WebSite\",\"@id\":\"https:\\\/\\\/ym-inc.com\\\/#website\",\"url\":\"https:\\\/\\\/ym-inc.com\\\/\",\"name\":\"YM Inc.\",\"description\":\"\",\"potentialAction\":[{\"@type\":\"SearchAction\",\"target\":{\"@type\":\"EntryPoint\",\"urlTemplate\":\"https:\\\/\\\/ym-inc.com\\\/?s={search_term_string}\"},\"query-input\":{\"@type\":\"PropertyValueSpecification\",\"valueRequired\":true,\"valueName\":\"search_term_string\"}}],\"inLanguage\":\"fr-FR\"}]}<\/script>\n<!-- \/ Yoast SEO plugin. -->","yoast_head_json":{"title":"Chef d\u2019\u00e9quipe de vent - Galeries Terrebonne (Amnesia)","robots":{"index":"index","follow":"follow","max-snippet":"max-snippet:-1","max-image-preview":"max-image-preview:large","max-video-preview":"max-video-preview:-1"},"canonical":"https:\/\/ym-inc.com\/fr\/?post_type=job_listing&p=108843","og_locale":"fr_FR","og_type":"article","og_title":"[:en]Retail Teal Leader - Galeries Terrebonne (Amnesia)[:fr]Chef d\u2019\u00e9quipe de vent - Galeries Terrebonne (Amnesia)[:] - YM Inc.","og_description":"Si vous avez une passion pour la mode \u00e9ph\u00e9m\u00e8re, Amnesia est la destination de choix pour votre carri\u00e8re. Nous cherchons actuellement un Chef d\u2019\u00e9quipe de vent \u00e0 plein-temps qui se joindra \u00e0 notre formidable \u00e9quipe \u00e0 la boutique de Galeries Terrebonne. Vous reconnaissez-vous? : Un minimum d\u2019une ann\u00e9e d\u2019exp\u00e9rience dans un \u00e9quipe de gestion Un [&hellip;]","og_url":"https:\/\/ym-inc.com\/fr\/?post_type=job_listing&p=108843","og_site_name":"YM Inc.","article_modified_time":"2022-10-09T00:09:50+00:00","twitter_card":"summary_large_image","twitter_misc":{"Dur\u00e9e de lecture estim\u00e9e":"1 minute"},"schema":{"@context":"https:\/\/schema.org","@graph":[{"@type":"WebPage","@id":"https:\/\/ym-inc.com\/?post_type=job_listing&p=108843","url":"https:\/\/ym-inc.com\/?post_type=job_listing&p=108843","name":"Chef d\u2019\u00e9quipe de vent - Galeries Terrebonne (Amnesia)","isPartOf":{"@id":"https:\/\/ym-inc.com\/#website"},"datePublished":"2022-09-09T15:10:21+00:00","dateModified":"2022-10-09T00:09:50+00:00","breadcrumb":{"@id":"https:\/\/ym-inc.com\/?post_type=job_listing&p=108843#breadcrumb"},"inLanguage":"fr-FR","potentialAction":[{"@type":"ReadAction","target":["https:\/\/ym-inc.com\/?post_type=job_listing&p=108843"]}]},{"@type":"BreadcrumbList","@id":"https:\/\/ym-inc.com\/?post_type=job_listing&p=108843#breadcrumb","itemListElement":[{"@type":"ListItem","position":1,"name":"Home","item":"https:\/\/ym-inc.com\/fr\/"},{"@type":"ListItem","position":2,"name":"Retail Teal Leader &#8211; Galeries Terrebonne (Amnesia)"}]},{"@type":"WebSite","@id":"https:\/\/ym-inc.com\/#website","url":"https:\/\/ym-inc.com\/","name":"YM Inc.","description":"","potentialAction":[{"@type":"SearchAction","target":{"@type":"EntryPoint","urlTemplate":"https:\/\/ym-inc.com\/?s={search_term_string}"},"query-input":{"@type":"PropertyValueSpecification","valueRequired":true,"valueName":"search_term_string"}}],"inLanguage":"fr-FR"}]}},"_links":{"self":[{"href":"https:\/\/ym-inc.com\/fr\/wp-json\/wp\/v2\/job-listings\/108843","targetHints":{"allow":["GET"]}}],"collection":[{"href":"https:\/\/ym-inc.com\/fr\/wp-json\/wp\/v2\/job-listings"}],"about":[{"href":"https:\/\/ym-inc.com\/fr\/wp-json\/wp\/v2\/types\/job_listing"}],"author":[{"embeddable":true,"href":"https:\/\/ym-inc.com\/fr\/wp-json\/wp\/v2\/users\/20"}],"wp:attachment":[{"href":"https:\/\/ym-inc.com\/fr\/wp-json\/wp\/v2\/media?parent=108843"}],"wp:term":[{"taxonomy":"job_listing_category","embeddable":true,"href":"https:\/\/ym-inc.com\/fr\/wp-json\/wp\/v2\/job-categories?post=108843"},{"taxonomy":"job_listing_type","embeddable":true,"href":"https:\/\/ym-inc.com\/fr\/wp-json\/wp\/v2\/job-types?post=108843"}],"curies":[{"name":"wp","href":"https:\/\/api.w.org\/{rel}","templated":true}]}}

Chef d’équipe de vent &#8211; Galeries Terrebonne (Amnesia)

<p>Si vous avez une passion pour la mode éphémère, <strong>Amnesia </strong>est la destination de choix pour votre carrière. Nous cherchons actuellement un <strong>Chef d’équipe de vent à plein-temps </strong>qui se joindra à notre formidable équipe à la boutique de <strong>Galeries Terrebonne. </strong></p>
<p><strong>Vous reconnaissez-vous? :</strong></p>
<ul>
<li>Un minimum d’une année d’expérience dans un équipe de gestion</li>
<li>Un esprit axé sur l’activité commerciale avec une capacité éprouvée d’augmenter les ventes</li>
<li>Une passion pour offrir un service à la clientèle de qualité</li>
<li>Un joueur d’équipe qui peut amener les gens à se perfectionner et à se développer</li>
</ul>
<p>&nbsp;</p>
<p><strong>Nous offrons :</strong></p>
<ul>
<li>Une rémunération concurrentielle incluant des primes et avantages sociaux</li>
<li>Une occasion de développement, de croissance et de progression de la carrière</li>
<li>Un fantastique escompte pour les employés</li>
</ul>
<p>&nbsp;</p>
<p>YM Inc. (sales) est un employeur offrant des chances d’embauche égales pour tous et encourage les candidats qualifiés à postuler. Nous remercions tous les candidats de leur intérêt; cependant, seuls les candidats sélectionnés pour une entrevue seront contactés.</p>

<!-- This site is optimized with the Yoast SEO plugin v27.5 - https://yoast.com/product/yoast-seo-wordpress/ -->
<title>Chef d’équipe de vent - Galeries Terrebonne (Amnesia)</title>
<meta name="robots" content="index, follow, max-snippet:-1, max-image-preview:large, max-video-preview:-1" />
<link rel="canonical" href="https://ym-inc.com/fr/?post_type=job_listing&p=108843" />
<meta property="og:locale" content="fr_FR" />
<meta property="og:locale:alternate" content="en_CA" />
<meta property="og:type" content="article" />
<meta property="og:title" content="Chef d’équipe de vent - Galeries Terrebonne (Amnesia)" />
<meta property="og:description" content="Si vous avez une passion pour la mode éphémère, Amnesia est la destination de choix pour votre carrière. Nous cherchons actuellement un Chef d’équipe de vent à plein-temps qui se joindra à notre formidable équipe à la boutique de Galeries Terrebonne. Vous reconnaissez-vous? : Un minimum d’une année d’expérience dans un équipe de gestion Un [&hellip;]" />
<meta property="og:url" content="https://ym-inc.com/fr/?post_type=job_listing&amp;p=108843" />
<meta property="og:site_name" content="YM Inc." />
<meta property="article:modified_time" content="2022-10-09T00:09:50+00:00" />
<meta name="twitter:card" content="summary_large_image" />
<meta name="twitter:label1" content="Durée de lecture estimée" />
	<meta name="twitter:data1" content="1 minute" />
<script type="application/ld+json" class="yoast-schema-graph">{"@context":"https:\/\/schema.org","@graph":[{"@type":"WebPage","@id":"https:\/\/ym-inc.com\/?post_type=job_listing&p=108843","url":"https:\/\/ym-inc.com\/?post_type=job_listing&p=108843","name":"Chef d’équipe de vent - Galeries Terrebonne (Amnesia)","isPartOf":{"@id":"https:\/\/ym-inc.com\/#website"},"datePublished":"2022-09-09T15:10:21+00:00","dateModified":"2022-10-09T00:09:50+00:00","breadcrumb":{"@id":"https:\/\/ym-inc.com\/?post_type=job_listing&p=108843#breadcrumb"},"inLanguage":"fr-FR","potentialAction":[{"@type":"ReadAction","target":["https:\/\/ym-inc.com\/?post_type=job_listing&p=108843"]}]},{"@type":"BreadcrumbList","@id":"https:\/\/ym-inc.com\/?post_type=job_listing&p=108843#breadcrumb","itemListElement":[{"@type":"ListItem","position":1,"name":"Home","item":"https:\/\/ym-inc.com\/fr\/"},{"@type":"ListItem","position":2,"name":"Retail Teal Leader &#8211; Galeries Terrebonne (Amnesia)"}]},{"@type":"WebSite","@id":"https:\/\/ym-inc.com\/#website","url":"https:\/\/ym-inc.com\/","name":"YM Inc.","description":"","potentialAction":[{"@type":"SearchAction","target":{"@type":"EntryPoint","urlTemplate":"https:\/\/ym-inc.com\/?s={search_term_string}"},"query-input":{"@type":"PropertyValueSpecification","valueRequired":true,"valueName":"search_term_string"}}],"inLanguage":"fr-FR"}]}</script>
<!-- / Yoast SEO plugin. -->

Chef d’équipe de vent - Galeries Terrebonne (Amnesia)

[:en]Retail Teal Leader - Galeries Terrebonne (Amnesia)[:fr]Chef d’équipe de vent - Galeries Terrebonne (Amnesia)[:] - YM Inc.

Si vous avez une passion pour la mode éphémère, Amnesia est la destination de choix pour votre carrière. Nous cherchons actuellement un Chef d’équipe de vent à plein-temps qui se joindra à notre formidable équipe à la boutique de Galeries Terrebonne. Vous reconnaissez-vous? : Un minimum d’une année d’expérience dans un équipe de gestion Un [&hellip;]
