{"id":129766,"date":"2024-03-07T21:16:20","date_gmt":"2024-03-07T21:16:20","guid":{"rendered":"https:\/\/ym-inc.com\/fr\/?post_type=job_listing&#038;p=129766"},"modified":"2024-03-07T21:26:09","modified_gmt":"2024-03-07T21:26:09","slug":"associees-aux-ventes-a-temps-plein-montreal-premium-outlet-amnesia","status":"publish","type":"job_listing","link":"https:\/\/ym-inc.com\/fr\/poste\/associees-aux-ventes-a-temps-plein-montreal-premium-outlet-amnesia\/","title":{"rendered":"Associ\u00e9(e)s aux ventes \u00e0 temps plein-Mirabel Premium Outlet-Amnesia"},"content":{"rendered":"<p>Si vous avez une passion pour la mode \u00e9ph\u00e9m\u00e8re, Amnesia est la destination de choix pour votre carri\u00e8re. Nous cherchons actuellement un associ\u00e9(e)s aux ventes \u00e0 temps-plein, qui se joindra \u00e0 notre formidable \u00e9quipe \u00e0 la boutique de Mirabel, Premium Outlet.<\/p>\n<p>Vous reconnaissez-vous?:<\/p>\n<ul>\n<li>Un minimum d\u2019une ann\u00e9e d\u2019exp\u00e9rience dans un \u00e9quipe de gestion<\/li>\n<li>Un esprit ax\u00e9 sur l\u2019activit\u00e9 commerciale avec une capacit\u00e9 \u00e9prouv\u00e9e d\u2019augmenter les ventes<\/li>\n<li>Une passion pour offrir un service \u00e0 la client\u00e8le de qualit\u00e9<\/li>\n<li>Un joueur d\u2019\u00e9quipe qui peut amener les gens \u00e0 se perfectionner et \u00e0 se d\u00e9velopper<\/li>\n<\/ul>\n<p>Nous offrons :<\/p>\n<ul>\n<li>Une r\u00e9mun\u00e9ration concurrentielle incluant des primes et avantages sociaux<\/li>\n<li>Une occasion de d\u00e9veloppement, de croissance et de progression de la carri\u00e8re<\/li>\n<li>Un fantastique escompte pour les employ\u00e9s<\/li>\n<\/ul>\n<p>YM Inc. (sales) est un employeur offrant des chances d\u2019embauche \u00e9gales pour tous et encourage les candidats qualifi\u00e9s \u00e0 postuler. Nous remercions tous les candidats de leur int\u00e9r\u00eat; cependant, seuls les candidats s\u00e9lectionn\u00e9s pour une entrevue seront contact\u00e9s.<\/p>\n<p>Type d&#8217;emploi : Temps plein<\/p>\n<p>Lieu du poste : En pr\u00e9sentiel<\/p>\n","protected":false},"author":20,"featured_media":0,"template":"","meta":{"_acf_changed":false,"_promoted":"","_job_location":"mirabel","_application":"tsheromov@yminc.ca","_company_name":"","_company_website":"","_company_tagline":"","_company_twitter":"","_company_video":"","_filled":0,"_featured":0,"_remote_position":0,"_job_salary":"","_job_salary_currency":"","_job_salary_unit":""},"job-categories":[],"job-types":[],"class_list":["post-129766","job_listing","type-job_listing","status-publish","hentry"],"acf":[],"yoast_head":"<!-- This site is optimized with the Yoast SEO plugin v27.5 - https:\/\/yoast.com\/product\/yoast-seo-wordpress\/ -->\n<title>Associ\u00e9(e)s aux ventes \u00e0 temps plein-Mirabel Premium Outlet-Amnesia<\/title>\n<meta name=\"robots\" content=\"index, follow, max-snippet:-1, max-image-preview:large, max-video-preview:-1\" \/>\n<link rel=\"canonical\" href=\"https:\/\/ym-inc.com\/fr\/job\/associees-aux-ventes-a-temps-plein-montreal-premium-outlet-amnesia\/\" \/>\n<meta property=\"og:locale\" content=\"fr_FR\" \/>\n<meta property=\"og:locale:alternate\" content=\"en_CA\" \/>\n<meta property=\"og:type\" content=\"article\" \/>\n<meta property=\"og:title\" content=\"Associ\u00e9(e)s aux ventes \u00e0 temps plein-Mirabel Premium Outlet-Amnesia\" \/>\n<meta property=\"og:description\" content=\"Si vous avez une passion pour la mode \u00e9ph\u00e9m\u00e8re, Amnesia est la destination de choix pour votre carri\u00e8re. Nous cherchons actuellement un associ\u00e9(e)s aux ventes \u00e0 temps-plein, qui se joindra \u00e0 notre formidable \u00e9quipe \u00e0 la boutique de Mirabel, Premium Outlet. Vous reconnaissez-vous?: Un minimum d\u2019une ann\u00e9e d\u2019exp\u00e9rience dans un \u00e9quipe de gestion Un esprit [&hellip;]\" \/>\n<meta property=\"og:url\" content=\"https:\/\/ym-inc.com\/fr\/poste\/associees-aux-ventes-a-temps-plein-montreal-premium-outlet-amnesia\/\" \/>\n<meta property=\"og:site_name\" content=\"YM Inc.\" \/>\n<meta property=\"article:modified_time\" content=\"2024-03-07T21:26:09+00:00\" \/>\n<meta name=\"twitter:card\" content=\"summary_large_image\" \/>\n<meta name=\"twitter:label1\" content=\"Dur\u00e9e de lecture estim\u00e9e\" \/>\n\t<meta name=\"twitter:data1\" content=\"1 minute\" \/>\n<script type=\"application\/ld+json\" class=\"yoast-schema-graph\">{\"@context\":\"https:\\\/\\\/schema.org\",\"@graph\":[{\"@type\":\"WebPage\",\"@id\":\"https:\\\/\\\/ym-inc.com\\\/fr\\\/job\\\/associees-aux-ventes-a-temps-plein-montreal-premium-outlet-amnesia\\\/\",\"url\":\"https:\\\/\\\/ym-inc.com\\\/fr\\\/job\\\/associees-aux-ventes-a-temps-plein-montreal-premium-outlet-amnesia\\\/\",\"name\":\"Associ\u00e9(e)s aux ventes \u00e0 temps plein-Mirabel Premium Outlet-Amnesia\",\"isPartOf\":{\"@id\":\"https:\\\/\\\/ym-inc.com\\\/#website\"},\"datePublished\":\"2024-03-07T21:16:20+00:00\",\"dateModified\":\"2024-03-07T21:26:09+00:00\",\"breadcrumb\":{\"@id\":\"https:\\\/\\\/ym-inc.com\\\/fr\\\/job\\\/associees-aux-ventes-a-temps-plein-montreal-premium-outlet-amnesia\\\/#breadcrumb\"},\"inLanguage\":\"fr-FR\",\"potentialAction\":[{\"@type\":\"ReadAction\",\"target\":[\"https:\\\/\\\/ym-inc.com\\\/fr\\\/job\\\/associees-aux-ventes-a-temps-plein-montreal-premium-outlet-amnesia\\\/\"]}]},{\"@type\":\"BreadcrumbList\",\"@id\":\"https:\\\/\\\/ym-inc.com\\\/fr\\\/job\\\/associees-aux-ventes-a-temps-plein-montreal-premium-outlet-amnesia\\\/#breadcrumb\",\"itemListElement\":[{\"@type\":\"ListItem\",\"position\":1,\"name\":\"Home\",\"item\":\"https:\\\/\\\/ym-inc.com\\\/fr\\\/\"},{\"@type\":\"ListItem\",\"position\":2,\"name\":\"Associ\u00e9(e)s aux ventes \u00e0 temps plein-Mirabel Premium Outlet-Amnesia\"}]},{\"@type\":\"WebSite\",\"@id\":\"https:\\\/\\\/ym-inc.com\\\/#website\",\"url\":\"https:\\\/\\\/ym-inc.com\\\/\",\"name\":\"YM Inc.\",\"description\":\"\",\"potentialAction\":[{\"@type\":\"SearchAction\",\"target\":{\"@type\":\"EntryPoint\",\"urlTemplate\":\"https:\\\/\\\/ym-inc.com\\\/?s={search_term_string}\"},\"query-input\":{\"@type\":\"PropertyValueSpecification\",\"valueRequired\":true,\"valueName\":\"search_term_string\"}}],\"inLanguage\":\"fr-FR\"}]}<\/script>\n<!-- \/ Yoast SEO plugin. -->","yoast_head_json":{"title":"Associ\u00e9(e)s aux ventes \u00e0 temps plein-Mirabel Premium Outlet-Amnesia","robots":{"index":"index","follow":"follow","max-snippet":"max-snippet:-1","max-image-preview":"max-image-preview:large","max-video-preview":"max-video-preview:-1"},"canonical":"https:\/\/ym-inc.com\/fr\/job\/associees-aux-ventes-a-temps-plein-montreal-premium-outlet-amnesia\/","og_locale":"fr_FR","og_type":"article","og_title":"[:en]Auto Draft[:fr]Associ\u00e9(e)s aux ventes \u00e0 temps plein-Mirabel Premium Outlet-Amnesia[:] - YM Inc.","og_description":"Si vous avez une passion pour la mode \u00e9ph\u00e9m\u00e8re, Amnesia est la destination de choix pour votre carri\u00e8re. Nous cherchons actuellement un associ\u00e9(e)s aux ventes \u00e0 temps-plein, qui se joindra \u00e0 notre formidable \u00e9quipe \u00e0 la boutique de Mirabel, Premium Outlet. Vous reconnaissez-vous?: Un minimum d\u2019une ann\u00e9e d\u2019exp\u00e9rience dans un \u00e9quipe de gestion Un esprit [&hellip;]","og_url":"https:\/\/ym-inc.com\/fr\/poste\/associees-aux-ventes-a-temps-plein-montreal-premium-outlet-amnesia\/","og_site_name":"YM Inc.","article_modified_time":"2024-03-07T21:26:09+00:00","twitter_card":"summary_large_image","twitter_misc":{"Dur\u00e9e de lecture estim\u00e9e":"1 minute"},"schema":{"@context":"https:\/\/schema.org","@graph":[{"@type":"WebPage","@id":"https:\/\/ym-inc.com\/fr\/job\/associees-aux-ventes-a-temps-plein-montreal-premium-outlet-amnesia\/","url":"https:\/\/ym-inc.com\/fr\/job\/associees-aux-ventes-a-temps-plein-montreal-premium-outlet-amnesia\/","name":"Associ\u00e9(e)s aux ventes \u00e0 temps plein-Mirabel Premium Outlet-Amnesia","isPartOf":{"@id":"https:\/\/ym-inc.com\/#website"},"datePublished":"2024-03-07T21:16:20+00:00","dateModified":"2024-03-07T21:26:09+00:00","breadcrumb":{"@id":"https:\/\/ym-inc.com\/fr\/job\/associees-aux-ventes-a-temps-plein-montreal-premium-outlet-amnesia\/#breadcrumb"},"inLanguage":"fr-FR","potentialAction":[{"@type":"ReadAction","target":["https:\/\/ym-inc.com\/fr\/job\/associees-aux-ventes-a-temps-plein-montreal-premium-outlet-amnesia\/"]}]},{"@type":"BreadcrumbList","@id":"https:\/\/ym-inc.com\/fr\/job\/associees-aux-ventes-a-temps-plein-montreal-premium-outlet-amnesia\/#breadcrumb","itemListElement":[{"@type":"ListItem","position":1,"name":"Home","item":"https:\/\/ym-inc.com\/fr\/"},{"@type":"ListItem","position":2,"name":"Associ\u00e9(e)s aux ventes \u00e0 temps plein-Mirabel Premium Outlet-Amnesia"}]},{"@type":"WebSite","@id":"https:\/\/ym-inc.com\/#website","url":"https:\/\/ym-inc.com\/","name":"YM Inc.","description":"","potentialAction":[{"@type":"SearchAction","target":{"@type":"EntryPoint","urlTemplate":"https:\/\/ym-inc.com\/?s={search_term_string}"},"query-input":{"@type":"PropertyValueSpecification","valueRequired":true,"valueName":"search_term_string"}}],"inLanguage":"fr-FR"}]}},"_links":{"self":[{"href":"https:\/\/ym-inc.com\/fr\/wp-json\/wp\/v2\/job-listings\/129766","targetHints":{"allow":["GET"]}}],"collection":[{"href":"https:\/\/ym-inc.com\/fr\/wp-json\/wp\/v2\/job-listings"}],"about":[{"href":"https:\/\/ym-inc.com\/fr\/wp-json\/wp\/v2\/types\/job_listing"}],"author":[{"embeddable":true,"href":"https:\/\/ym-inc.com\/fr\/wp-json\/wp\/v2\/users\/20"}],"wp:attachment":[{"href":"https:\/\/ym-inc.com\/fr\/wp-json\/wp\/v2\/media?parent=129766"}],"wp:term":[{"taxonomy":"job_listing_category","embeddable":true,"href":"https:\/\/ym-inc.com\/fr\/wp-json\/wp\/v2\/job-categories?post=129766"},{"taxonomy":"job_listing_type","embeddable":true,"href":"https:\/\/ym-inc.com\/fr\/wp-json\/wp\/v2\/job-types?post=129766"}],"curies":[{"name":"wp","href":"https:\/\/api.w.org\/{rel}","templated":true}]}}

Associé(e)s aux ventes à temps plein-Mirabel Premium Outlet-Amnesia

<p>Si vous avez une passion pour la mode éphémère, Amnesia est la destination de choix pour votre carrière. Nous cherchons actuellement un associé(e)s aux ventes à temps-plein, qui se joindra à notre formidable équipe à la boutique de Mirabel, Premium Outlet.</p>
<p>Vous reconnaissez-vous?:</p>
<ul>
<li>Un minimum d’une année d’expérience dans un équipe de gestion</li>
<li>Un esprit axé sur l’activité commerciale avec une capacité éprouvée d’augmenter les ventes</li>
<li>Une passion pour offrir un service à la clientèle de qualité</li>
<li>Un joueur d’équipe qui peut amener les gens à se perfectionner et à se développer</li>
</ul>
<p>Nous offrons :</p>
<ul>
<li>Une rémunération concurrentielle incluant des primes et avantages sociaux</li>
<li>Une occasion de développement, de croissance et de progression de la carrière</li>
<li>Un fantastique escompte pour les employés</li>
</ul>
<p>YM Inc. (sales) est un employeur offrant des chances d’embauche égales pour tous et encourage les candidats qualifiés à postuler. Nous remercions tous les candidats de leur intérêt; cependant, seuls les candidats sélectionnés pour une entrevue seront contactés.</p>
<p>Type d&#8217;emploi : Temps plein</p>
<p>Lieu du poste : En présentiel</p>

<!-- This site is optimized with the Yoast SEO plugin v27.5 - https://yoast.com/product/yoast-seo-wordpress/ -->
<title>Associé(e)s aux ventes à temps plein-Mirabel Premium Outlet-Amnesia</title>
<meta name="robots" content="index, follow, max-snippet:-1, max-image-preview:large, max-video-preview:-1" />
<link rel="canonical" href="https://ym-inc.com/fr/job/associees-aux-ventes-a-temps-plein-montreal-premium-outlet-amnesia/" />
<meta property="og:locale" content="fr_FR" />
<meta property="og:locale:alternate" content="en_CA" />
<meta property="og:type" content="article" />
<meta property="og:title" content="Associé(e)s aux ventes à temps plein-Mirabel Premium Outlet-Amnesia" />
<meta property="og:description" content="Si vous avez une passion pour la mode éphémère, Amnesia est la destination de choix pour votre carrière. Nous cherchons actuellement un associé(e)s aux ventes à temps-plein, qui se joindra à notre formidable équipe à la boutique de Mirabel, Premium Outlet. Vous reconnaissez-vous?: Un minimum d’une année d’expérience dans un équipe de gestion Un esprit [&hellip;]" />
<meta property="og:url" content="https://ym-inc.com/fr/poste/associees-aux-ventes-a-temps-plein-montreal-premium-outlet-amnesia/" />
<meta property="og:site_name" content="YM Inc." />
<meta property="article:modified_time" content="2024-03-07T21:26:09+00:00" />
<meta name="twitter:card" content="summary_large_image" />
<meta name="twitter:label1" content="Durée de lecture estimée" />
	<meta name="twitter:data1" content="1 minute" />
<script type="application/ld+json" class="yoast-schema-graph">{"@context":"https:\/\/schema.org","@graph":[{"@type":"WebPage","@id":"https:\/\/ym-inc.com\/fr\/job\/associees-aux-ventes-a-temps-plein-montreal-premium-outlet-amnesia\/","url":"https:\/\/ym-inc.com\/fr\/job\/associees-aux-ventes-a-temps-plein-montreal-premium-outlet-amnesia\/","name":"Associé(e)s aux ventes à temps plein-Mirabel Premium Outlet-Amnesia","isPartOf":{"@id":"https:\/\/ym-inc.com\/#website"},"datePublished":"2024-03-07T21:16:20+00:00","dateModified":"2024-03-07T21:26:09+00:00","breadcrumb":{"@id":"https:\/\/ym-inc.com\/fr\/job\/associees-aux-ventes-a-temps-plein-montreal-premium-outlet-amnesia\/#breadcrumb"},"inLanguage":"fr-FR","potentialAction":[{"@type":"ReadAction","target":["https:\/\/ym-inc.com\/fr\/job\/associees-aux-ventes-a-temps-plein-montreal-premium-outlet-amnesia\/"]}]},{"@type":"BreadcrumbList","@id":"https:\/\/ym-inc.com\/fr\/job\/associees-aux-ventes-a-temps-plein-montreal-premium-outlet-amnesia\/#breadcrumb","itemListElement":[{"@type":"ListItem","position":1,"name":"Home","item":"https:\/\/ym-inc.com\/fr\/"},{"@type":"ListItem","position":2,"name":"Associé(e)s aux ventes à temps plein-Mirabel Premium Outlet-Amnesia"}]},{"@type":"WebSite","@id":"https:\/\/ym-inc.com\/#website","url":"https:\/\/ym-inc.com\/","name":"YM Inc.","description":"","potentialAction":[{"@type":"SearchAction","target":{"@type":"EntryPoint","urlTemplate":"https:\/\/ym-inc.com\/?s={search_term_string}"},"query-input":{"@type":"PropertyValueSpecification","valueRequired":true,"valueName":"search_term_string"}}],"inLanguage":"fr-FR"}]}</script>
<!-- / Yoast SEO plugin. -->

[:en]Auto Draft[:fr]Associé(e)s aux ventes à temps plein-Mirabel Premium Outlet-Amnesia[:] - YM Inc.

Si vous avez une passion pour la mode éphémère, Amnesia est la destination de choix pour votre carrière. Nous cherchons actuellement un associé(e)s aux ventes à temps-plein, qui se joindra à notre formidable équipe à la boutique de Mirabel, Premium Outlet. Vous reconnaissez-vous?: Un minimum d’une année d’expérience dans un équipe de gestion Un esprit [&hellip;]
